he greatest common factor of k and r?
13
Let f be (-17)/((-85)/(-1500))*-1. Let n = f - 299. What is the highest common factor of n and 59?
1
Suppose -5*y + 13 + 45 = 3*b, 2*y + b - 23 = 0. Calculate the greatest common factor of 8371 and y.
11
Let b = 9 + -5. Let p(a) = 2*a - 6. Let q be p(b). Suppose -q*z = z - 21. Calculate the greatest common divisor of 56 and z.
7
Let j(w) = w**3 - w**2 - 10*w + 39. Let z be j(0). Let s = -140 - -452. Calculate the highest common factor of s and z.
39
Let y(o) = -o**3 + 16*o**2 + 23*o + 25. Let w be y(17). Suppose -2*z + 53 = c - 4*z, 3*c = -2*z + w. What is the highest common divisor of c and 63?
9
Suppose 0 = z + 3, 0 = 16*g - 17*g - z. Let o(c) = 9*c - 2*c + 2 + 4*c**2 - 9 - 2. Let s be o(g). What is the greatest common factor of 64 and s?
16
Let l = 404 + -181. Let z = l + -209. Calculate the highest common divisor of z and 2.
2
Let b = -144 - 221. Let d = b + 410. What is the highest common divisor of 18 and d?
9
Suppose -4*b + 559 - 163 = 0. Let i be 415/(18/(-90)*25). Let s = i + b. Calculate the greatest common divisor of s and 32.
16
Let g(k) = -20*k + 1509. Let o be g(54). Calculate the highest common factor of o and 312.
39
Suppose -2*q = -5*q + 120. Let x be 4/(-1) + (4 - (4 + -2)). Let w be x/(-3) - (-1 - 150/18). Calculate the greatest common divisor of q and w.
10
Let t be -45*(3 + 3 + 1274/(-65)). What is the greatest common divisor of t and 1377?
153
Suppose 0 = -4*x + 218 - 198, -4*x = 2*y - 878. Calculate the highest common factor of 2673 and y.
33
Let h(x) = 20*x + 4*x**2 - 32 + 25*x**2 - 27*x**2. Let a be h(-12). Calculate the greatest common factor of 20 and a.
4
Suppose 6*f + 585 = 3*f. Let u = f - -385. Suppose -14*v + 21*v - 266 = 0. What is the highest common divisor of v and u?
38
Let m = 2502 - 2094. What is the greatest common divisor of 102 and m?
102
Let p be (5/2)/((-25)/(-40)). Suppose p*o = -8, 3*v - 10*o + 6*o + 22 = 0. Let x be (-15)/v + (-159)/(-2) - 4. Calculate the greatest common factor of x and 22.
11
Let b be (-15)/35 - (-2082)/7. Let p = -69 + b. Calculate the greatest common factor of 12 and p.
12
Suppose -3*t + 60 + 48 = 0. Let f be (-5929)/(-196) + (-1)/4. Calculate the greatest common factor of t and f.
6
Let y(t) = -23*t - 1. Let n be y(1). Suppose -29*h + 704 = -7*h. Let c = h + n. Calculate the greatest common divisor of c and 32.
8
Suppose 5*v - 413 = w, 9*w - 11*w - 411 = -5*v. What is the greatest common factor of v and 5312?
83
Suppose 2*t + x = -14 + 20, 0 = -3*t - 5*x + 16. Suppose 92 = 4*r + t*q, 2*r - 4*q + 19 = 55. What is the greatest common factor of 121 and r?
11
Let g = -4 + 13. Let z = 26 + -22. Suppose -3*c + z*c - 9 = 0. What is the highest common divisor of c and g?
9
Let l = 147 + 1. Let a = l - 115. Calculate the highest common divisor of 3 and a.
3
Suppose -2*d + 22 = 4*l, -l + 4*d + 16 = 3*l. Suppose l*r - q = 2 + 737, 4*q = 2*r - 292. Let u = -150 + 187. Calculate the greatest common divisor of r and u.
37
Let l(f) = 2*f + 2*f - 28 - 14*f - 19*f. Let g be l(-8). Calculate the highest common factor of 12 and g.
12
Suppose -4*v + 278 = 2*b, b + b + 10 = 0. Suppose r = 0, -4*r - 28 - 26 = -2*u. Calculate the greatest common factor of u and v.
9
Suppose -4*k + 66 = -3*k. Suppose -w = 2*w - k. Suppose -5*g + 230 = 10*m - 95, 5*g - 61 = -2*m. Calculate the highest common divisor of w and m.
11
Suppose 28*q + 2028 = 8188. Calculate the greatest common divisor of q and 50.
10
Let s = 72 - 67. Suppose -s*q - 4*a + 205 = 75, -4*a = 3*q - 78. Calculate the greatest common divisor of q and 442.
26
Let n = 109 - 63. Let z(i) = i**2 - 26*i + 3. Let y be z(26). Suppose -169 + 508 = 5*o - y*d, -3*d + 144 = 2*o. What is the greatest common divisor of n and o?
23
Suppose -232*s = -246*s + 196. What is the highest common divisor of s and 11578?
14
Let g = -5815 + 5911. What is the greatest common divisor of 36 and g?
12
Let j be 606/21 + 3/21. Let i = -24 + j. Let c be i/(0/2*1 + 1). Calculate the greatest common divisor of 1 and c.
1
Let g be (6/4)/((-1)/(-14)). Suppose 2*v - 21 = g. Let n be -5*(-3)/(-6)*(-350)/125. Calculate the greatest common divisor of n and v.
7
Let c(t) = 14*t - 1. Let x be c(1). Let m = -152 + 151. Let z be -3 - (-27 - (m + 2)) - -1. What is the greatest common divisor of x and z?
13
Let s = -11467 + 12025. Calculate the highest common divisor of s and 288.
18
Let w(y) = y**3 + 11*y**2 + 16*y + 115. Let i be w(-10). What is the greatest common factor of 2035 and i?
55
Let s = -1478 - -1589. Calculate the greatest common factor of s and 1628.
37
Let x be -6 + -5 + 142/2. Suppose 0 = -67*w + 73*w - x. Let k be 120/(-6)*10/(-8). What is the greatest common divisor of k and w?
5
Let p be (-14)/91 - (-431)/13. Suppose 19*j - 8*j = p. Suppose -j*u - 5 + 270 = 5*x, -165 = -3*x - 3*u. Calculate the highest common divisor of x and 40.
10
Let o = -879 + 6843. What is the highest common factor of o and 28?
28
Let h = 5139 + -1115. Calculate the greatest common divisor of 8 and h.
8
Let s be (-2)/15 + 323/285. Let z(t) = 84*t**3 + 4*t**2 - 4*t + 1. Let n be z(s). Calculate the highest common factor of n and 5.
5
Let f(t) = -40*t**3 - 3*t**2 + t + 2. Let x be f(-2). Let q(c) = -2*c**2 - 66*c + 230. Let i be q(-36). Calculate the highest common factor of i and x.
14
Let t = 384 + -364. Let h be 23/7 + (-2)/7. Suppose -5*k + 700 = h*p, 4*p - 140 = -k - 0*k. What is the highest common factor of k and t?
20
Suppose -3*g - 2*y + 3 + 5 = 0, 2*y = 8. Suppose g = 2*c + 2*w + 10 - 50, -w = -c + 28. Calculate the highest common factor of 192 and c.
24
Let p be ((-1)/(-3))/((-11)/(-1584)). Calculate the highest common divisor of p and 7088.
16
Suppose 2*v + 2*k = -228, -137 + 13 = v - k. Let i be (32/4 - 6) + (-1 - v). What is the greatest common divisor of i and 70?
10
Suppose 34*m = 33*m + 296. Suppose 0 = -5*x - 4*p + 362, -21*x - 300 = -25*x + 2*p. What is the highest common divisor of m and x?
74
Suppose -4312*j + 4288*j + 1441 = -1799. Calculate the greatest common divisor of 18495 and j.
135
Suppose 20 = 11*p - 805. Let i = 220 - 120. Calculate the greatest common divisor of i and p.
25
Let q = 33 + -31. Suppose -3*s - q*a + 89 = 0, -4 = -2*s + 3*a + 77. What is the highest common factor of s and 132?
33
Let q = -3172 - -3820. What is the greatest common factor of q and 8?
8
Let y = 216 + -210. Suppose 5*j = -a + 4*a + 24, -3*a = -2*j + y. What is the highest common divisor of j and 162?
6
Let q = -9897 - -10177. What is the highest common divisor of q and 1204?
28
Let m be 4/(-6) - (-1348)/6. Suppose 5*z - z + 2*z = 0. Suppose z = 44*a - 34*a - 140. Calculate the highest common divisor of a and m.
14
Let h = 622 - 566. Let j = -223 + 335. What is the highest common factor of j and h?
56
Let t(u) = 62*u**2 - 747*u + 37. Let y be t(12). Let l be (-2)/(-4)*(2 + 2). What is the highest common divisor of l and y?
1
Let m(s) = 96 - 28 + 27*s + 22. Let d be m(10). What is the greatest common divisor of d and 36?
36
Let v be (39/(-6))/(2/(-4)). Let k = -1058 + 1060. Let a be (-1)/((-9)/k) - (-96324)/2484. What is the greatest common divisor of v and a?
13
Suppose 8*k = 3*k - 4*d + 109, 106 = 5*k + d. Suppose -5*w + 174 = -k. Let q = 48 - w. What is the greatest common divisor of 36 and q?
9
Suppose 4*a + 14 = -n + 7*a, -3*n = 2*a - 13. Let t be 10*(1/2 - n)*-21. What is the greatest common factor of t and 15?
15
Let p be ((-6)/(-14))/((-1)/(-7)). Let r(n) = 11*n**2 - 13. Let d be r(p). Calculate the highest common factor of 2 and d.
2
Let x = -2223 - -1198. Let p be 4/5 + (-31980)/x. Let d(v) = -v**2 - 8*v + 4. Let z be d(-6). What is the highest common divisor of p and z?
16
Let c = -34 - -61. Suppose -37 + c = -5*y. Suppose -2*a + y*f - 22 = -6*a, -5*f - 23 = -3*a. What is the highest common divisor of a and 30?
6
Suppose -l = -2*h + 7*h - 12, -3*l - 4*h + 14 = 0. Let s(p) = 2 - 6 - 6 + 5*p + 3. Let i be s(5). Calculate the highest common factor of i and l.
2
Let v(p) = 683*p - 3228. Let a be v(48). Calculate the greatest common factor of 36 and a.
36
Let h = 8951 + -8641. Calculate the greatest common factor of h and 4.
2
Let b(r) = r**2 - 20*r - 1239. Let h be b(-28). What is the greatest common factor of 20055 and h?
105
Suppose -6*x = -2598